{"id":221,"date":"2015-10-27T12:27:05","date_gmt":"2015-10-27T12:27:05","guid":{"rendered":"http:\/\/1.43.10.86\/wordpress\/?page_id=221"},"modified":"2018-04-10T11:33:20","modified_gmt":"2018-04-10T09:33:20","slug":"pisa-2015","status":"publish","type":"page","link":"https:\/\/evalua.catedu.es\/evaluacion\/?page_id=221","title":{"rendered":"PISA 2015"},"content":{"rendered":"<h5>Preguntas liberadas de evaluaciones internacionales<\/h5>\n<ul>\n<li><a href=\"http:\/\/educalab.es\/inee\/evaluaciones-internacionales\/preguntas-liberadas-pisa-piaac\" target=\"_blank\">Enlace a ejercicios en formato digital de Evaluaciones Internacionales (INEE)<\/a><\/li>\n<li><a href=\"http:\/\/educalab.es\/inee\/evaluaciones-internacionales\/preguntas-liberadas-pisa-piaac\" target=\"_blank\">Enlace a preguntas internacionales de Matem\u00e1ticas, Ciencias y Lecturas de Primaria en formato digital (educaLAB)<\/a><br \/>\n\tEn esta aplicaci\u00f3n se presentan las preguntas de Matem\u00e1ticas, Ciencias y Comprensi\u00f3n lectora que han sido utilizadas en los estudios TIMSS y PIRLS, y que se han liberado para su difusi\u00f3n, conocimiento y uso p\u00fablico.<br \/>\n\tEstas preguntas liberadas son unos excelentes recursos did\u00e1cticos que pueden desempe\u00f1ar un papel complementario muy importante en el aula.<\/li>\n<li><a href=\"http:\/\/educalab.es\/inee\/evaluaciones-internacionales\/preguntas-liberadas-pisa-piaac\/pisa-por-ordenador\" target=\"_blank\">Preguntas liberadas relacionadas con las CIENCIAS -Formato interactivo<\/a><\/li>\n<li>Hay disponible una pregunta liberada de la Demo de Resoluci\u00f3n de Problemas Colaborativos. Espa\u00f1a es uno de los pocos pa\u00edses que ha elaborado una Demo del nuevo modelo de Preguntas. La parte de Resoluci\u00f3n de Problemas Colaborativos entra\u00f1a m\u00e1s dificultades a\u00fan que la de Ciencias, pero el Grupo Descartes, con el trabajo intenso de Jos\u00e9 Mar\u00eda S\u00e1nchez de INEE y colaboraci\u00f3n del INTEF han podido poner a disposici\u00f3n de todos los interesados uno de los \u00edtems:<br \/>\n\t<a href=\"http:\/\/educalab.es\/inee\/evaluaciones-internacionales\/preguntas-liberadas-pisa-piaac\/pisa-por-ordenador\" target=\"_blank\">Demo de Resoluci\u00f3n de Problemas Colaborativos<\/a><\/li>\n<\/ul>\n<h5>M\u00e1s informaci\u00f3n<\/h5>\n<ul>\n<li><a href=\"https:\/\/www.youtube.com\/watch?v=G9gy7IFugj0\" target=\"_blank\">PISA Ciencia 2015. (video)<\/a><\/li>\n<li><a href=\"http:\/\/www.slideshare.net\/INEE_MECD\/pisa-2015-tems-ciencias\" target=\"_blank\">PISA 2015. Items de ciencias<\/a><\/li>\n<li><a href=\"http:\/\/www.slideshare.net\/INEE_MECD\/pisa-2015-resolucin-de-problemas-en-grupo\" target=\"_blank\">PISA 2015. Resoluci\u00f3n de problemas en grupo<\/a><\/li>\n<li><a href=\"https:\/\/www.youtube.com\/watch?feature=player_embedded&amp;v=FQm0H2-gzc8\" target=\"_blank\">As\u00ed ser\u00e1n las unidades interactivas de PISA 2015 Ciencias (video)<\/a><\/li>\n<li><a href=\"https:\/\/hp.hiberniacollege.com\/emeapisa\/Home\" target=\"_blank\">MOOC on PISA. Desarrollado por la OCDE junto con la Universidad de Dubl\u00edn sobre \u00edtems interactivos.<\/a><\/li>\n<\/ul>\n","protected":false},"excerpt":{"rendered":"<p>Preguntas liberadas de evaluaciones internacionales<\/p>\n<p><a href=\"http:\/\/educalab.es\/inee\/evaluaciones-internacionales\/preguntas-liberadas-pisa-piaac\" target=\"_blank\">Enlace a ejercicios en formato digital de Evaluaciones Internacionales (INEE)<\/a><br \/>\n<a href=\"http:\/\/educalab.es\/inee\/evaluaciones-internacionales\/preguntas-liberadas-pisa-piaac\" target=\"_blank\">Enlace a preguntas internacionales de Matem\u00e1ticas, Ciencias y Lecturas de Primaria en formato digital (educaLAB)<\/a><br \/>\n\tEn esta aplicaci\u00f3n se presentan las preguntas de Matem\u00e1ticas, Ciencias y Comprensi\u00f3n lectora que han sido utilizadas en los [<a href=\"https:\/\/evalua.catedu.es\/evaluacion\/?page_id=221\">Leer m\u00e1s<\/a>]<\/p>\n","protected":false},"author":1,"featured_media":0,"parent":12,"menu_order":0,"comment_status":"closed","ping_status":"closed","template":"","meta":{"footnotes":""},"categories":[20,45],"tags":[],"class_list":["post-221","page","type-page","status-publish","hentry","category-evaluacion_internacional","category-pisa_2015"],"_links":{"self":[{"href":"https:\/\/evalua.catedu.es\/evaluacion\/index.php?rest_route=\/wp\/v2\/pages\/221","targetHints":{"allow":["GET"]}}],"collection":[{"href":"https:\/\/evalua.catedu.es\/evaluacion\/index.php?rest_route=\/wp\/v2\/pages"}],"about":[{"href":"https:\/\/evalua.catedu.es\/evaluacion\/index.php?rest_route=\/wp\/v2\/types\/page"}],"author":[{"embeddable":true,"href":"https:\/\/evalua.catedu.es\/evaluacion\/index.php?rest_route=\/wp\/v2\/users\/1"}],"replies":[{"embeddable":true,"href":"https:\/\/evalua.catedu.es\/evaluacion\/index.php?rest_route=%2Fwp%2Fv2%2Fcomments&post=221"}],"version-history":[{"count":7,"href":"https:\/\/evalua.catedu.es\/evaluacion\/index.php?rest_route=\/wp\/v2\/pages\/221\/revisions"}],"predecessor-version":[{"id":1836,"href":"https:\/\/evalua.catedu.es\/evaluacion\/index.php?rest_route=\/wp\/v2\/pages\/221\/revisions\/1836"}],"up":[{"embeddable":true,"href":"https:\/\/evalua.catedu.es\/evaluacion\/index.php?rest_route=\/wp\/v2\/pages\/12"}],"wp:attachment":[{"href":"https:\/\/evalua.catedu.es\/evaluacion\/index.php?rest_route=%2Fwp%2Fv2%2Fmedia&parent=221"}],"wp:term":[{"taxonomy":"category","embeddable":true,"href":"https:\/\/evalua.catedu.es\/evaluacion\/index.php?rest_route=%2Fwp%2Fv2%2Fcategories&post=221"},{"taxonomy":"post_tag","embeddable":true,"href":"https:\/\/evalua.catedu.es\/evaluacion\/index.php?rest_route=%2Fwp%2Fv2%2Ftags&post=221"}],"curies":[{"name":"wp","href":"https:\/\/api.w.org\/{rel}","templated":true}]}}