{"id":1922,"date":"2019-01-21T12:23:58","date_gmt":"2019-01-21T11:23:58","guid":{"rendered":"http:\/\/evalua.catedu.es\/evaluacion\/?page_id=1922"},"modified":"2019-04-22T14:53:33","modified_gmt":"2019-04-22T12:53:33","slug":"preguntas-frecuentes-2019","status":"publish","type":"page","link":"https:\/\/evalua.catedu.es\/evaluacion\/?page_id=1922","title":{"rendered":"Preguntas frecuentes 2019"},"content":{"rendered":"<p><!-- ===================== 5 -->\n<\/p><p id=\"pregunta\"><strong>P5.-<\/strong> Hemos olvidado guardar o imprimir el documento que genera la aplicaci\u00f3n inform\u00e1tica de evaluaci\u00f3n (<a href=\"https:\/\/servicios.aragon.es\/ace\" target=\"_blank\" rel=\"noopener noreferrer\">ACE<\/a>) con las etiquetas identificativas de los estudiantes, \u00bfdebemos esperar al d\u00eda 13 de mayo, que es cuando finaliza el periodo de cumplimentaci\u00f3n de los cuestionarios de nivel socioecon\u00f3mico y cultural, para poder acceder a <a href=\"https:\/\/servicios.aragon.es\/ace\" target=\"_blank\" rel=\"noopener noreferrer\">ACE<\/a>?<\/p>\n<p id=\"respuesta\"><strong>R5.-<\/strong> Si ya se ha proporcionado la informaci\u00f3n a los estudiantes para acceder a <a href=\"https:\/\/servicios.aragon.es\/ace\" target=\"_blank\" rel=\"noopener noreferrer\">ACE<\/a> y cumplimentar los cuestionarios, se puede esperar al 13 de mayo para tener de nuevo acceso a la aplicaci\u00f3n a trav\u00e9s del usuario de tipo director. Si no se dispone de la informaci\u00f3n para que los estudiantes accedan a la aplicaci\u00f3n para rellenar sus cuestionarios hay que contactar con la Unidad de An\u00e1lisis y Evaluaci\u00f3n (<a href=\"mailto:evaluacion@aragon.es\"><strong>evaluacion@aragon.es<\/strong><\/a>) y optar por una de las siguientes soluciones:<\/p>\n<ul id=\"respuesta\">\n<li>solicitar un acceso provisonal para que el usuario de tipo director pueda descargar las estiquetas identificativas de los estudiantes.<\/li>\n<li>solicitar que la Unidad de Evaluaci\u00f3n env\u00ede por correo electr\u00f3nico estas etiquetas al centro educativo.<\/li>\n<\/ul>\n<p><!-- ===================== 4 -->\n<\/p><p id=\"pregunta\"><strong>P4.-<\/strong>Los Anexos a que hace referencia el punto sexto de la Resoluci\u00f3n de 1 de marzo de 2018, del Secretario General T\u00e9cnico, por la que se dictan instrucciones para la realizaci\u00f3n de la evaluaci\u00f3n de diagn\u00f3stico de Educaci\u00f3n Primaria y de Educaci\u00f3n Secundaria Obligatoria en la C. A. de Arag\u00f3n para el curso 2018-2019, \u00bfhay que enviarlos a la Unidad de Evaluaci\u00f3n?<\/p>\n<p id=\"respuesta\"><strong>R4.-<\/strong> <strong>NO<\/strong>. Estos Anexos se env\u00edan al inspector de referencia del centro educativo para que tenga constancia de la planificaci\u00f3n realizada. Sobre todo es importante haber establecido el responsable, medios y espacios para la realizaci\u00f3n de las pruebas y que conste el n\u00famero de estudiantes del centro educativo que debe realizar las diferentes pruebas. Hay que tener en cuenta que los Servicios Provinciales de Educaci\u00f3n designar\u00e1n a un Inspector o Inspectora para que, durante las jornadas de aplicaci\u00f3n de las pruebas, supervise  el proceso en el centro educativo y, en consecuencia, debe conocer la planificaci\u00f3n mencionada.<\/p>\n<p><!-- ===================== 3 --><\/p>\n<p id=\"pregunta\"><strong>P3.-<\/strong> Nuestro centro educativo no ha recibido ninguna comunicaci\u00f3n respecto a su selecci\u00f3n para la muestra que realizar\u00e1 en esta edici\u00f3n la evaluaci\u00f3n de diagn\u00f3stico, \u00bfes posible que haya sido seleccionado?<\/p>\n<p id=\"respuesta\"><strong>R3.-<\/strong> En principio <strong>NO<\/strong>, ya que se ha comunicado la selecci\u00f3n a todos los centros participantes, no obstante, en este <a href=\"http:\/\/evalua.catedu.es\/evaluacion\/wp-content\/uploads\/CentrosMuestra2019.pdf\" target=\"_blank\" rel=\"noopener noreferrer\">listado<\/a> aparencen los centros seleccionados.<\/p>\n<p><!-- ===================== 2 --><\/p>\n<p id=\"pregunta\"><strong>P2.-<\/strong> Nuestro centro educativo quiere participar voluntariamente en la presente evaluaci\u00f3n de diagn\u00f3stico, \u00bfc\u00f3mo debe realizar la solicitud?<\/p>\n<p id=\"respuesta\"><strong>R2.-<\/strong> Tal y como se indicaba el el documento de instrucciones (en formato \u00abpdf\u00bb) enviado por correo electr\u00f3nico a los centros educativos el d\u00eda 11\/01\/2019 desde evaluacion@aragon.es:<br><em>\u00abEn la presente edici\u00f3n se permite la participaci\u00f3n voluntaria a cualquier centro que lo desee, siempre y cuando tenga al menos 15 estudiantes en el nivel correspondiente o que, aun teniendo menos, haya participado en dicho nivel en alguna de las evaluaciones de las ediciones anteriores. Les pedimos que, <strong>en caso de estar interesados en que se apliquen las correspondientes pruebas en su centro educativo, nos lo comuniquen a trav\u00e9s de la direcci\u00f3n de correo electr\u00f3nico <a href=\"mailto:evaluacion@aragon.es\">evaluacion@aragon.es<\/a>, indicando claramente sus datos en el mismo, sobre todo el c\u00f3digo de centro, y el nivel en el que desean participar (6\u00ba de Educaci\u00f3n Primaria y\/o 4\u00ba de ESO)<\/strong>\u00ab.<\/em><\/p>\n<p><!-- ===================== 1 --><\/p>\n<p id=\"pregunta\"><strong>P1.-<\/strong> A principios del mes de enero de 2019 recibimos un correo electr\u00f3nico remitido por la Unidad de Evaluaci\u00f3n con dos ficheros adjuntos (uno en formato \u00abxlsx\u00bb y otro en formato \u00abpdf\u00bb) para preparar la evaluaci\u00f3n de diagn\u00f3stico del presente curso, 2018-19, \u00bfsignifica eso que nuestro centro educativo ha sido seleccionado para la muestra?<\/p>\n<p id=\"respuesta\"><strong>R1.-<\/strong> <strong>No<\/strong>. Con ese correo \u00fanicamente se solicitaba informaci\u00f3n para elaborar el marco muestral. Posteriormente se llevar\u00e1 a cabo un sorteo para seleccionar los centros participantes en esta edici\u00f3n. Posteriormente se contactar\u00e1 con los centros seleccionados en el sorteo y los que hayan decidido participar voluntariamente.<\/p>\n\n\n<p><\/p>\n","protected":false},"excerpt":{"rendered":"<\/p>\n<p id=\"pregunta\">P5.- Hemos olvidado guardar o imprimir el documento que genera la aplicaci\u00f3n inform\u00e1tica de evaluaci\u00f3n (<a href=\"https:\/\/servicios.aragon.es\/ace\" target=\"_blank\" rel=\"noopener noreferrer\">ACE<\/a>) con las etiquetas identificativas de los estudiantes, \u00bfdebemos esperar al d\u00eda 13 de mayo, que es cuando finaliza el periodo de cumplimentaci\u00f3n de los cuestionarios de nivel socioecon\u00f3mico y [<a href=\"https:\/\/evalua.catedu.es\/evaluacion\/?page_id=1922\">Leer m\u00e1s<\/a>]<\/p>\n","protected":false},"author":1,"featured_media":0,"parent":0,"menu_order":0,"comment_status":"closed","ping_status":"closed","template":"","meta":{"footnotes":""},"categories":[9,49,47],"tags":[],"class_list":["post-1922","page","type-page","status-publish","hentry","category-evaluacion_aragon","category-evaluacion_aragon_2018_2019","category-preguntasfrecuentes"],"_links":{"self":[{"href":"https:\/\/evalua.catedu.es\/evaluacion\/index.php?rest_route=\/wp\/v2\/pages\/1922","targetHints":{"allow":["GET"]}}],"collection":[{"href":"https:\/\/evalua.catedu.es\/evaluacion\/index.php?rest_route=\/wp\/v2\/pages"}],"about":[{"href":"https:\/\/evalua.catedu.es\/evaluacion\/index.php?rest_route=\/wp\/v2\/types\/page"}],"author":[{"embeddable":true,"href":"https:\/\/evalua.catedu.es\/evaluacion\/index.php?rest_route=\/wp\/v2\/users\/1"}],"replies":[{"embeddable":true,"href":"https:\/\/evalua.catedu.es\/evaluacion\/index.php?rest_route=%2Fwp%2Fv2%2Fcomments&post=1922"}],"version-history":[{"count":13,"href":"https:\/\/evalua.catedu.es\/evaluacion\/index.php?rest_route=\/wp\/v2\/pages\/1922\/revisions"}],"predecessor-version":[{"id":2011,"href":"https:\/\/evalua.catedu.es\/evaluacion\/index.php?rest_route=\/wp\/v2\/pages\/1922\/revisions\/2011"}],"wp:attachment":[{"href":"https:\/\/evalua.catedu.es\/evaluacion\/index.php?rest_route=%2Fwp%2Fv2%2Fmedia&parent=1922"}],"wp:term":[{"taxonomy":"category","embeddable":true,"href":"https:\/\/evalua.catedu.es\/evaluacion\/index.php?rest_route=%2Fwp%2Fv2%2Fcategories&post=1922"},{"taxonomy":"post_tag","embeddable":true,"href":"https:\/\/evalua.catedu.es\/evaluacion\/index.php?rest_route=%2Fwp%2Fv2%2Ftags&post=1922"}],"curies":[{"name":"wp","href":"https:\/\/api.w.org\/{rel}","templated":true}]}}