{"id":1703,"date":"2017-03-03T12:24:27","date_gmt":"2017-03-03T11:24:27","guid":{"rendered":"http:\/\/evalua.catedu.es\/evaluacion\/?page_id=1703"},"modified":"2017-05-25T10:02:34","modified_gmt":"2017-05-25T08:02:34","slug":"realizacion-2016-2017","status":"publish","type":"page","link":"https:\/\/evalua.catedu.es\/evaluacion\/?page_id=1703","title":{"rendered":"Realizaci\u00f3n 2016-2017"},"content":{"rendered":"<table>\n<tbody>\n<tr>\n<td style=\"text-align: center;\"><a href=\"http:\/\/evalua.catedu.es\/evaluacion\/?page_id=1545\">Materiales Evaluaci\u00f3n 3\u00ba EP<\/a><span id=\"atenuado\"><\/br>Materiales Apoyo Evaluaci\u00f3n (3\u00ba Primaria)<\/span><\/td>\n<td style=\"text-align: center;\"><a href=\"http:\/\/evalua.catedu.es\/evaluacion\/?page_id=1624\">Tareas Competenciales<\/a><span id=\"atenuado\"><\/br>Materiales Apoyo Evaluaci\u00f3n (6\u00ba Primaria)<\/span><\/td>\n<\/tr>\n<\/tbody>\n<\/table>\n<p><!-- Planificaci\u00f3n --><\/p>\n<table border=\"0\" width=\"100%\" cellspacing=\"1\" cellpadding=\"1\" align=\"left\">\n<tbody>\n<tr>\n<th colspan=\"2\">Planificaci\u00f3n<\/th>\n<\/tr>\n<tr>\n<td width=\"10%\"><img decoding=\"async\" id=\"iconoEnTabla\" src=\"http:\/\/evalua.catedu.es\/imagenes\/iconos\/word_24.png\" alt=\"\" \/><\/td>\n<td width=\"90%\"><a href=\"http:\/\/evalua.catedu.es\/evaluacion\/wp-content\/uploads\/ObtencionDatosAlumnos.doc\" target=\"_blank\">Carga de datos de alumnos centros sin GIR<\/a><span id=\"pa\"> [pa]<\/span><span id=\"revisado\">(Revisada 15\/02\/2017)<\/span><\/td>\n<\/tr>\n<tr>\n<td width=\"10%\"><img decoding=\"async\" id=\"iconoEnTabla\" src=\"http:\/\/evalua.catedu.es\/imagenes\/iconos\/pdf_24.png\" alt=\"\" \/><\/td>\n<td width=\"90%\"><a href=\"http:\/\/evalua.catedu.es\/evaluacion\/wp-content\/uploads\/06_ManualAlumno_v04.pdf\" target=\"_blank\">Manual ACE estudiantes 6EP<\/a><span id=\"pa\"> [pa]<\/span><span id=\"revisado\">(Revisada 22\/03\/2017)<\/span><\/td>\n<\/tr>\n<tr>\n<td width=\"10%\"><img decoding=\"async\" id=\"iconoEnTabla\" src=\"http:\/\/evalua.catedu.es\/imagenes\/iconos\/pdf_24.png\" alt=\"\" \/><\/td>\n<td width=\"90%\"><a href=\"http:\/\/evalua.catedu.es\/evaluacion\/wp-content\/uploads\/0A_ManualAlumno_v04.pdf\" target=\"_blank\">Manual ACE estudiantes 4ESO<\/a><span id=\"pa\"> [pa]<\/span><span id=\"revisado\">(Revisada 22\/03\/2017)<\/span><\/td>\n<\/tr>\n<tr>\n<td width=\"10%\"><img decoding=\"async\" id=\"iconoEnTabla\" src=\"http:\/\/evalua.catedu.es\/imagenes\/iconos\/pdf_24.png\" alt=\"\" \/><\/td>\n<td width=\"90%\"><a href=\"http:\/\/evalua.catedu.es\/evaluacion\/wp-content\/uploads\/ManualRapidoUsuarioACE2017_v02.pdf\" target=\"_blank\">Manual de acceso r\u00e1pido a ACE<\/a><span id=\"pa\"> [pa]<\/span><span id=\"revisado\">(Revisada 22\/03\/2017)<\/span><\/td>\n<\/tr>\n<tr>\n<td width=\"10%\"><img decoding=\"async\" id=\"iconoEnTabla\" src=\"http:\/\/evalua.catedu.es\/imagenes\/iconos\/word_24.png\" alt=\"\" \/><\/td>\n<td width=\"90%\"><a href=\"http:\/\/evalua.catedu.es\/evaluacion\/wp-content\/uploads\/AnexoI_Planificacion6EP.doc\" target=\"_blank\">Anexo I de la Resoluci\u00f3n. Modelo de Planificaci\u00f3n, nivel de 6EP, para enviar a Inspecci\u00f3n de la Educaci\u00f3n. <\/a><span id=\"pa\"> [pa]<\/span><span id=\"revisado\">(Revisada 08\/05\/2017)<\/span><\/td>\n<\/tr>\n<tr>\n<td width=\"10%\"><img decoding=\"async\" id=\"iconoEnTabla\" src=\"http:\/\/evalua.catedu.es\/imagenes\/iconos\/word_24.png\" alt=\"\" \/><\/td>\n<td width=\"90%\"><a href=\"http:\/\/evalua.catedu.es\/evaluacion\/wp-content\/uploads\/AnexoII_Planificacion4ESO.doc\" target=\"_blank\">Anexo II de la Resoluci\u00f3n. Modelo de Planificaci\u00f3n, nivel de 4ESO, para enviar a Inspecci\u00f3n de la Educaci\u00f3n. <\/a><span id=\"pa\"> [pa]<\/span><span id=\"revisado\">(Revisada 08\/05\/2017)<\/span><\/td>\n<\/tr>\n<tr>\n<td width=\"10%\"><img decoding=\"async\" id=\"iconoEnTabla\" src=\"http:\/\/evalua.catedu.es\/imagenes\/iconos\/pdf_24.png\" alt=\"\" \/><\/td>\n<td width=\"90%\"><a href=\"http:\/\/evalua.catedu.es\/evaluacion\/wp-content\/uploads\/InstruccionesEvaluacionDiagnostica2017.pdf\" target=\"_blank\">Instrucciones para el desarrollo de la evaluaci\u00f3n<\/a><span id=\"pa\"> [pa]<\/span><span id=\"revisado\">(Revisada 09\/05\/2017)<\/span><\/td>\n<\/tr>\n<\/tbody>\n<\/table>\n","protected":false},"excerpt":{"rendered":"<p><a href=\"http:\/\/evalua.catedu.es\/evaluacion\/?page_id=1545\">Materiales Evaluaci\u00f3n 3\u00ba EP<\/a>Materiales Apoyo Evaluaci\u00f3n (3\u00ba Primaria)<br \/>\n<a href=\"http:\/\/evalua.catedu.es\/evaluacion\/?page_id=1624\">Tareas Competenciales<\/a>Materiales Apoyo Evaluaci\u00f3n (6\u00ba Primaria)<\/p>\n<p>Planificaci\u00f3n<\/p>\n<p><a href=\"http:\/\/evalua.catedu.es\/evaluacion\/wp-content\/uploads\/ObtencionDatosAlumnos.doc\" target=\"_blank\">Carga de datos de alumnos centros sin GIR<\/a> [pa](Revisada 15\/02\/2017)<\/p>\n<p><a href=\"http:\/\/evalua.catedu.es\/evaluacion\/wp-content\/uploads\/06_ManualAlumno_v04.pdf\" target=\"_blank\">Manual ACE estudiantes 6EP<\/a> [pa](Revisada 22\/03\/2017)<\/p>\n<p><a href=\"http:\/\/evalua.catedu.es\/evaluacion\/wp-content\/uploads\/0A_ManualAlumno_v04.pdf\" target=\"_blank\">Manual ACE estudiantes 4ESO<\/a> [pa](Revisada 22\/03\/2017)<\/p>\n<p><a href=\"http:\/\/evalua.catedu.es\/evaluacion\/wp-content\/uploads\/ManualRapidoUsuarioACE2017_v02.pdf\" target=\"_blank\">Manual de acceso r\u00e1pido a ACE<\/a> [pa](Revisada 22\/03\/2017)<\/p>\n<p><a href=\"http:\/\/evalua.catedu.es\/evaluacion\/wp-content\/uploads\/AnexoI_Planificacion6EP.doc\" [<a href=\"https:\/\/evalua.catedu.es\/evaluacion\/?page_id=1703\">Leer m\u00e1s<\/a>]<\/p>\n","protected":false},"author":1,"featured_media":0,"parent":36,"menu_order":0,"comment_status":"closed","ping_status":"closed","template":"","meta":{"footnotes":""},"categories":[9,39],"tags":[],"class_list":["post-1703","page","type-page","status-publish","hentry","category-evaluacion_aragon","category-evaluacion_aragon_2016_2017"],"_links":{"self":[{"href":"https:\/\/evalua.catedu.es\/evaluacion\/index.php?rest_route=\/wp\/v2\/pages\/1703","targetHints":{"allow":["GET"]}}],"collection":[{"href":"https:\/\/evalua.catedu.es\/evaluacion\/index.php?rest_route=\/wp\/v2\/pages"}],"about":[{"href":"https:\/\/evalua.catedu.es\/evaluacion\/index.php?rest_route=\/wp\/v2\/types\/page"}],"author":[{"embeddable":true,"href":"https:\/\/evalua.catedu.es\/evaluacion\/index.php?rest_route=\/wp\/v2\/users\/1"}],"replies":[{"embeddable":true,"href":"https:\/\/evalua.catedu.es\/evaluacion\/index.php?rest_route=%2Fwp%2Fv2%2Fcomments&post=1703"}],"version-history":[{"count":12,"href":"https:\/\/evalua.catedu.es\/evaluacion\/index.php?rest_route=\/wp\/v2\/pages\/1703\/revisions"}],"predecessor-version":[{"id":1751,"href":"https:\/\/evalua.catedu.es\/evaluacion\/index.php?rest_route=\/wp\/v2\/pages\/1703\/revisions\/1751"}],"up":[{"embeddable":true,"href":"https:\/\/evalua.catedu.es\/evaluacion\/index.php?rest_route=\/wp\/v2\/pages\/36"}],"wp:attachment":[{"href":"https:\/\/evalua.catedu.es\/evaluacion\/index.php?rest_route=%2Fwp%2Fv2%2Fmedia&parent=1703"}],"wp:term":[{"taxonomy":"category","embeddable":true,"href":"https:\/\/evalua.catedu.es\/evaluacion\/index.php?rest_route=%2Fwp%2Fv2%2Fcategories&post=1703"},{"taxonomy":"post_tag","embeddable":true,"href":"https:\/\/evalua.catedu.es\/evaluacion\/index.php?rest_route=%2Fwp%2Fv2%2Ftags&post=1703"}],"curies":[{"name":"wp","href":"https:\/\/api.w.org\/{rel}","templated":true}]}}