{"id":1648,"date":"2016-02-04T09:53:04","date_gmt":"2016-02-04T07:53:04","guid":{"rendered":"http:\/\/evalua.catedu.es\/evaluacion\/?page_id=1648"},"modified":"2019-11-20T12:52:23","modified_gmt":"2019-11-20T11:52:23","slug":"publicaciones","status":"publish","type":"page","link":"https:\/\/evalua.catedu.es\/evaluacion\/?page_id=1648","title":{"rendered":"Publicaciones"},"content":{"rendered":"<table border=\"0\" width=\"100%\" cellspacing=\"1\" cellpadding=\"1\" align=\"left\">\n<tbody>\n<tr>\n<th colspan=\"2\"><strong>Edici\u00f3n 2008-2009<\/strong><\/th>\n<\/tr>\n<tr>\n<td width=\"10%\"><img decoding=\"async\" id=\"iconoEnTabla\" src=\"http:\/\/evalua.catedu.es\/imagenes\/iconos\/pdf_24.png\" alt=\"\" \/><\/td>\n<td width=\"90%\"><a href=\"http:\/\/evalua.catedu.es\/documentos\/aragon\/realizacion_09_10\/publicaciones\/TripticoInforme_2008_2009.pdf\" target=\"_blank\" rel=\"noopener noreferrer\">Tr\u00edptico resumen \u2013 Evaluaci\u00f3n Censal de Diagn\u00f3stico 2009<\/a><span id=\"pa\"> [pa]<\/span><\/td>\n<\/tr>\n<tr>\n<td width=\"10%\"><img decoding=\"async\" id=\"iconoEnTabla\" src=\"http:\/\/evalua.catedu.es\/imagenes\/iconos\/pdf_24.png\" alt=\"\" \/><\/td>\n<td width=\"90%\"><a href=\"http:\/\/evalua.catedu.es\/documentos\/aragon\/Publicaciones\/Folleto09.pdf\" target=\"_blank\" rel=\"noopener noreferrer\">Folleto \u2013 Evaluaci\u00f3n Censal de Diagn\u00f3stico 2009 <span id=\"atenuado\">(5 p\u00e1ginas)<\/span><\/a><span id=\"pa\"> [pa]<\/span><\/td>\n<\/tr>\n<tr>\n<td width=\"10%\"><img decoding=\"async\" id=\"iconoEnTabla\" src=\"http:\/\/evalua.catedu.es\/imagenes\/iconos\/pdf_24.png\" alt=\"\" \/><\/td>\n<td width=\"90%\"><a href=\"http:\/\/evalua.catedu.es\/documentos\/aragon\/realizacion_09_10\/publicaciones\/InformeDeResultados2008_2009.pdf\" target=\"_blank\" rel=\"noopener noreferrer\">Informe de resultados \u2013 Evaluaci\u00f3n Censal de Diagn\u00f3stico 2009 <span id=\"atenuado\">(73 p\u00e1ginas)<\/span><\/a><span id=\"pa\"> [pa]<\/span><\/td>\n<\/tr>\n<tr>\n<td width=\"10%\"><img decoding=\"async\" id=\"iconoEnTabla\" src=\"http:\/\/evalua.catedu.es\/imagenes\/iconos\/pdf_24.png\" alt=\"\" \/><\/td>\n<td width=\"90%\"><a href=\"http:\/\/evalua.catedu.es\/documentos\/aragon\/realizacion_09_10\/publicaciones\/InformeGeneral2008_2009.pdf\" target=\"_blank\" rel=\"noopener noreferrer\">Informe general \u2013 Evaluaci\u00f3n Censal de Diagn\u00f3stico 2009 <span id=\"atenuado\">(159 p\u00e1ginas)<\/span><\/a><span id=\"pa\"> [pa]<\/span><\/td>\n<\/tr>\n<\/tbody>\n<\/table>\n<table border=\"0\" width=\"100%\" cellspacing=\"1\" cellpadding=\"1\" align=\"left\">\n<tbody>\n<tr>\n<th colspan=\"2\"><strong>Edici\u00f3n 2009-2010<\/strong><\/th>\n<\/tr>\n<tr>\n<td width=\"10%\"><img decoding=\"async\" id=\"iconoEnTabla\" src=\"http:\/\/evalua.catedu.es\/imagenes\/iconos\/pdf_24.png\" alt=\"\" \/><\/td>\n<td width=\"90%\"><a href=\"http:\/\/evalua.catedu.es\/documentos\/aragon\/realizacion_10_11\/publicaciones\/TripticoInformeEvaluacion2009_2010.pdf\" target=\"_blank\" rel=\"noopener noreferrer\">Tr\u00edptico resumen \u2013 Evaluaci\u00f3n Censal de Diagn\u00f3stico 2010<\/a><span id=\"pa\"> [pa]<\/span><\/td>\n<\/tr>\n<tr>\n<td width=\"10%\"><img decoding=\"async\" id=\"iconoEnTabla\" src=\"http:\/\/evalua.catedu.es\/imagenes\/iconos\/pdf_24.png\" alt=\"\" \/><\/td>\n<td width=\"90%\"><a href=\"http:\/\/evalua.catedu.es\/documentos\/aragon\/Publicaciones\/Folleto10.pdf\" target=\"_blank\" rel=\"noopener noreferrer\">Folleto \u2013 Evaluaci\u00f3n Censal de Diagn\u00f3stico 2010 <span id=\"atenuado\">(5 p\u00e1ginas)<\/span><\/a><span id=\"pa\"> [pa]<\/span><\/td>\n<\/tr>\n<tr>\n<td width=\"10%\"><img decoding=\"async\" id=\"iconoEnTabla\" src=\"http:\/\/evalua.catedu.es\/imagenes\/iconos\/pdf_24.png\" alt=\"\" \/><\/td>\n<td width=\"90%\"><a href=\"http:\/\/evalua.catedu.es\/documentos\/aragon\/realizacion_10_11\/publicaciones\/ResumenInformeEvaluacion2009_2010.pdf\" target=\"_blank\" rel=\"noopener noreferrer\">Informe de resultados \u2013 Evaluaci\u00f3n Censal de Diagn\u00f3stico 2010 <span id=\"atenuado\">(47 p\u00e1ginas)<\/span><\/a><span id=\"pa\"> [pa]<\/span><\/td>\n<\/tr>\n<tr>\n<td width=\"10%\"><img decoding=\"async\" id=\"iconoEnTabla\" src=\"http:\/\/evalua.catedu.es\/imagenes\/iconos\/pdf_24.png\" alt=\"\" \/><\/td>\n<td width=\"90%\"><a href=\"http:\/\/evalua.catedu.es\/documentos\/aragon\/realizacion_10_11\/publicaciones\/InformeGeneralEvaluacion2009_2010.pdf\" target=\"_blank\" rel=\"noopener noreferrer\">Informe general \u2013 Evaluaci\u00f3n Censal de Diagn\u00f3stico 2010 <span id=\"atenuado\">(183 p\u00e1ginas)<\/span><\/a><span id=\"pa\"> [pa]<\/span><\/td>\n<\/tr>\n<\/tbody>\n<\/table>\n<table border=\"0\" width=\"100%\" cellspacing=\"1\" cellpadding=\"1\" align=\"left\">\n<tbody>\n<tr>\n<th colspan=\"2\"><strong>Edici\u00f3n 2010-2011<\/strong><\/th>\n<\/tr>\n<tr>\n<td width=\"10%\"><img decoding=\"async\" id=\"iconoEnTabla\" src=\"http:\/\/evalua.catedu.es\/imagenes\/iconos\/pdf_24.png\" alt=\"\" \/><\/td>\n<td width=\"90%\"><a href=\"http:\/\/evalua.catedu.es\/documentos\/aragon\/Publicaciones\/Folleto11.pdf\" target=\"_blank\" rel=\"noopener noreferrer\">Folleto \u2013 Evaluaci\u00f3n Censal de Diagn\u00f3stico 2011 <span id=\"atenuado\">(5 p\u00e1ginas)<\/span><\/a><span id=\"pa\"> [pa]<\/span><\/td>\n<\/tr>\n<\/tbody>\n<\/table>\n<table border=\"0\" width=\"100%\" cellspacing=\"1\" cellpadding=\"1\" align=\"left\">\n<tbody>\n<tr>\n<th colspan=\"2\"><strong>Edici\u00f3n 2011-2012<\/strong><\/th>\n<\/tr>\n<tr>\n<td width=\"10%\"><img decoding=\"async\" id=\"iconoEnTabla\" src=\"http:\/\/evalua.catedu.es\/imagenes\/iconos\/pdf_24.png\" alt=\"\" \/><\/td>\n<td width=\"90%\"><a href=\"http:\/\/evalua.catedu.es\/documentos\/aragon\/Publicaciones\/Folleto12.pdf\" target=\"_blank\" rel=\"noopener noreferrer\">Folleto \u2013 Evaluaci\u00f3n Censal de Diagn\u00f3stico 2012 <span id=\"atenuado\">(6 p\u00e1ginas)<\/span><\/a><span id=\"pa\"> [pa]<\/span><\/td>\n<\/td>\n<\/tbody>\n<\/table>\n<table border=\"0\" width=\"100%\" cellspacing=\"1\" cellpadding=\"1\" align=\"left\">\n<tbody>\n<tr>\n<th colspan=\"2\"><strong>Edici\u00f3n 2014-2015<\/strong><\/th>\n<\/tr>\n<tr>\n<td width=\"10%\"><img decoding=\"async\" id=\"iconoEnTabla\" src=\"http:\/\/evalua.catedu.es\/imagenes\/iconos\/pdf_24.png\" alt=\"\" \/><\/td>\n<td width=\"90%\"><a href=\"http:\/\/evalua.catedu.es\/documentos\/aragon\/Publicaciones\/InformeGeneral2014_2015.pdf\" target=\"_blank\" rel=\"noopener noreferrer\">Informe general \u2013 Evaluaci\u00f3n Individualizada 2015 <\/a><span id=\"atenuado\">(121 p\u00e1ginas)<\/span><span id=\"pa\"> [pa]<\/span><\/td>\n<\/tr>\n<\/tbody>\n<\/table>\n<table border=\"0\" width=\"100%\" cellspacing=\"1\" cellpadding=\"1\" align=\"left\">\n<tbody>\n<tr>\n<th colspan=\"2\"><strong>Edici\u00f3n 2016-2017<\/strong><\/th>\n<\/tr>\n<tr>\n<td width=\"10%\"><img decoding=\"async\" id=\"iconoEnTabla\" src=\"http:\/\/evalua.catedu.es\/imagenes\/iconos\/pdf_24.png\" alt=\"\" \/><\/td>\n<td width=\"90%\"><a href=\"http:\/\/evalua.catedu.es\/evaluacion\/wp-content\/uploads\/InformeGeneral2016_2017.pdf\" target=\"_blank\" rel=\"noopener noreferrer\">Informe general \u2013 Evaluaci\u00f3n Diagn\u00f3stico 2017 <\/a><span id=\"atenuado\">(40 p\u00e1ginas)<\/span><span id=\"pa\"> [pa]<\/span><\/td>\n<\/tr>\n<\/tbody>\n<\/table>\n<table border=\"0\" width=\"100%\" cellspacing=\"1\" cellpadding=\"1\" align=\"left\">\n<tbody>\n<tr>\n<th colspan=\"2\"><strong>Edici\u00f3n 2017-2018<\/strong><\/th>\n<\/tr>\n<tr>\n<td width=\"10%\"><img decoding=\"async\" id=\"iconoEnTabla\" src=\"http:\/\/evalua.catedu.es\/imagenes\/iconos\/pdf_24.png\" alt=\"\" \/><\/td>\n<td width=\"90%\"><a href=\"http:\/\/evalua.catedu.es\/evaluacion\/wp-content\/uploads\/InformeGeneral2017_2018.pdf\" target=\"_blank\" rel=\"noopener noreferrer\">Informe general \u2013 Evaluaci\u00f3n Diagn\u00f3stico 2018 <\/a><span id=\"atenuado\">(61 p\u00e1ginas)<\/span><span id=\"pa\"> [pa]<\/span><span id=\"revisado\">(Revisada 29\/10\/2018)<\/span><\/td>\n<\/tr>\n<\/tbody>\n<\/table>\n<table border=\"0\" width=\"100%\" cellspacing=\"1\" cellpadding=\"1\" align=\"left\">\n<tbody>\n<tr>\n<th colspan=\"2\"><strong>Edici\u00f3n 2018-2019<\/strong><\/th>\n<\/tr>\n<tr>\n<td width=\"10%\"><img decoding=\"async\" id=\"iconoEnTabla\" src=\"http:\/\/evalua.catedu.es\/imagenes\/iconos\/pdf_24.png\" alt=\"\" \/><\/td>\n<td width=\"90%\"><a href=\"http:\/\/evalua.catedu.es\/evaluacion\/wp-content\/uploads\/InformeGeneral2018_2019.pdf\" target=\"_blank\" rel=\"noopener noreferrer\">Informe general \u2013 Evaluaci\u00f3n Diagn\u00f3stico 2019 <\/a><span id=\"atenuado\">(63 p\u00e1ginas)<\/span><span id=\"pa\"> [pa]<\/span><span id=\"revisado\">(Revisada 23\/09\/2019)<\/span><\/td>\n<\/tr>\n<\/tbody>\n<\/table>\n<table border=\"0\" width=\"100%\" cellspacing=\"1\" cellpadding=\"1\" align=\"left\">\n<tbody>\n<tr>\n<th colspan=\"2\"><strong>Resumen evaluaciones diagn\u00f3stico 2008-2011<\/strong><\/th>\n<\/tr>\n<tr>\n<td width=\"10%\"><img decoding=\"async\" id=\"iconoEnTabla\" src=\"http:\/\/evalua.catedu.es\/imagenes\/iconos\/pdf_24.png\" alt=\"\" \/><\/td>\n<td width=\"90%\"><a href=\"http:\/\/evalua.catedu.es\/documentos\/aragon\/Publicaciones\/InformeResumen2008_2011.pdf\" target=\"_blank\" rel=\"noopener noreferrer\">Informe resumen de las evaluaciones de diagn\u00f3stico en Arag\u00f3n. Periodo 2008 a 2011 <span id=\"atenuado\">(22 p\u00e1ginas)<\/span><\/a><span id=\"pa\"> [pa]<\/span><\/td>\n<\/tr>\n<tr>\n<th colspan=\"2\"><strong>Resumen evaluaciones diagn\u00f3stico 2008-2013<\/strong><\/th>\n<\/tr>\n<tr>\n<td width=\"10%\"><img decoding=\"async\" id=\"iconoEnTabla\" src=\"http:\/\/evalua.catedu.es\/imagenes\/iconos\/pdf_24.png\" alt=\"\" \/><\/td>\n<td width=\"90%\"><a href=\"http:\/\/evalua.catedu.es\/documentos\/aragon\/Publicaciones\/ResumenEvaluacionesDiagnosticoAragon_2008_2013.pdf\" target=\"_blank\" rel=\"noopener noreferrer\">Resumen de las evaluaciones de diagn\u00f3stico en Arag\u00f3n. Periodo 2008 a 2013 <span id=\"atenuado\">(81 p\u00e1ginas)<\/span><\/a><span id=\"pa\"> [pa]<\/span><\/td>\n<\/tr>\n<\/tbody>\n<\/table>\n","protected":false},"excerpt":{"rendered":"<p>Edici\u00f3n 2008-2009<\/p>\n<p><a href=\"http:\/\/evalua.catedu.es\/documentos\/aragon\/realizacion_09_10\/publicaciones\/TripticoInforme_2008_2009.pdf\" target=\"_blank\" rel=\"noopener noreferrer\">Tr\u00edptico resumen \u2013 Evaluaci\u00f3n Censal de Diagn\u00f3stico 2009<\/a> [pa]<\/p>\n<p><a href=\"http:\/\/evalua.catedu.es\/documentos\/aragon\/Publicaciones\/Folleto09.pdf\" target=\"_blank\" rel=\"noopener noreferrer\">Folleto \u2013 Evaluaci\u00f3n Censal de Diagn\u00f3stico 2009 (5 p\u00e1ginas)<\/a> [pa]<\/p>\n<p><a href=\"http:\/\/evalua.catedu.es\/documentos\/aragon\/realizacion_09_10\/publicaciones\/InformeDeResultados2008_2009.pdf\" target=\"_blank\" rel=\"noopener noreferrer\">Informe de resultados \u2013 Evaluaci\u00f3n Censal de Diagn\u00f3stico 2009 (73 p\u00e1ginas)<\/a> [pa]<\/p>\n<p><a href=\"http:\/\/evalua.catedu.es\/documentos\/aragon\/realizacion_09_10\/publicaciones\/InformeGeneral2008_2009.pdf\" target=\"_blank\" rel=\"noopener noreferrer\">Informe general \u2013 Evaluaci\u00f3n Censal [<a href=\"https:\/\/evalua.catedu.es\/evaluacion\/?page_id=1648\">Leer m\u00e1s<\/a>]<\/p>\n","protected":false},"author":1,"featured_media":0,"parent":36,"menu_order":0,"comment_status":"closed","ping_status":"closed","template":"","meta":{"footnotes":""},"categories":[9],"tags":[],"class_list":["post-1648","page","type-page","status-publish","hentry","category-evaluacion_aragon"],"_links":{"self":[{"href":"https:\/\/evalua.catedu.es\/evaluacion\/index.php?rest_route=\/wp\/v2\/pages\/1648","targetHints":{"allow":["GET"]}}],"collection":[{"href":"https:\/\/evalua.catedu.es\/evaluacion\/index.php?rest_route=\/wp\/v2\/pages"}],"about":[{"href":"https:\/\/evalua.catedu.es\/evaluacion\/index.php?rest_route=\/wp\/v2\/types\/page"}],"author":[{"embeddable":true,"href":"https:\/\/evalua.catedu.es\/evaluacion\/index.php?rest_route=\/wp\/v2\/users\/1"}],"replies":[{"embeddable":true,"href":"https:\/\/evalua.catedu.es\/evaluacion\/index.php?rest_route=%2Fwp%2Fv2%2Fcomments&post=1648"}],"version-history":[{"count":21,"href":"https:\/\/evalua.catedu.es\/evaluacion\/index.php?rest_route=\/wp\/v2\/pages\/1648\/revisions"}],"predecessor-version":[{"id":2105,"href":"https:\/\/evalua.catedu.es\/evaluacion\/index.php?rest_route=\/wp\/v2\/pages\/1648\/revisions\/2105"}],"up":[{"embeddable":true,"href":"https:\/\/evalua.catedu.es\/evaluacion\/index.php?rest_route=\/wp\/v2\/pages\/36"}],"wp:attachment":[{"href":"https:\/\/evalua.catedu.es\/evaluacion\/index.php?rest_route=%2Fwp%2Fv2%2Fmedia&parent=1648"}],"wp:term":[{"taxonomy":"category","embeddable":true,"href":"https:\/\/evalua.catedu.es\/evaluacion\/index.php?rest_route=%2Fwp%2Fv2%2Fcategories&post=1648"},{"taxonomy":"post_tag","embeddable":true,"href":"https:\/\/evalua.catedu.es\/evaluacion\/index.php?rest_route=%2Fwp%2Fv2%2Ftags&post=1648"}],"curies":[{"name":"wp","href":"https:\/\/api.w.org\/{rel}","templated":true}]}}