{"id":1545,"date":"2016-02-10T13:28:54","date_gmt":"2016-02-10T12:28:54","guid":{"rendered":"http:\/\/evalua.catedu.es\/evaluacion\/?page_id=1545"},"modified":"2016-06-01T09:28:34","modified_gmt":"2016-06-01T07:28:34","slug":"items-para-evaluacion","status":"publish","type":"page","link":"https:\/\/evalua.catedu.es\/evaluacion\/?page_id=1545","title":{"rendered":"\u00cdtems Evaluaci\u00f3n 3\u00ba EP 2015-2016"},"content":{"rendered":"<p>En cada documento aparece, en primer lugar, el <strong>est\u00edmulo<\/strong>. A continuaci\u00f3n, en el mismo documento, figuran los <strong>\u00edtems<\/strong> asociados a dicho est\u00edmulo, acompa\u00f1ados de su correspondiente <strong>ficha de correcci\u00f3n<\/strong>.<\/p>\n<p>Adem\u00e1s, para las competencias ling\u00fc\u00edsticas, en caso de ser necesario se incluye un est\u00edmulo de <strong>audio en formato mp3<\/strong>.<\/p>\n<p><!--  CCL  --><\/p>\n<table border=\"0\" width=\"100%\" cellspacing=\"1\" cellpadding=\"1\" align=\"left\">\n<tbody>\n<tr>\n<th colspan=\"4\">Competencia en comunicaci\u00f3n ling\u00fc\u00edstica en castellano<\/th>\n<\/tr>\n<tr>\n<td width=\"10%\" height=\"50px\" align=\"center\"> <img decoding=\"async\" id=\"iconoEnTabla\" src=\"http:\/\/evalua.catedu.es\/imagenes\/iconos\/pdf_24.png\"\/><\/td>\n<td width=\"40%\"><a href=\"http:\/\/evalua.catedu.es\/documentos\/aragon\/realizacion_15_16\/itemsEvaluIndi3\/CCL3\/boletin_informativo.pdf\" target=\"_blank\">Bolet\u00edn informativo<\/a><span id=\"pa\"> [pa]<\/span><\/td>\n<td width=\"10%\" height=\"50px\" align=\"center\"> <img decoding=\"async\" id=\"iconoEnTabla\" src=\"http:\/\/evalua.catedu.es\/imagenes\/iconos\/BotonRepAudio.png\"\/><\/td>\n<td width=\"40%\"><a href=\"http:\/\/evalua.catedu.es\/documentos\/aragon\/realizacion_15_16\/itemsEvaluIndi3\/CCL3\/boletin_informativo_audio.mp3\" target=\"_blank\">Archivo mp3 de audio<\/a><span id=\"pa\"> [pa]<\/span><\/td>\n<\/tr>\n<tr>\n<td width=\"10%\"  height=\"50px\" align=\"center\"> <img decoding=\"async\" id=\"iconoEnTabla\" src=\"http:\/\/evalua.catedu.es\/imagenes\/iconos\/pdf_24.png\" alt=\"\" \/><\/td>\n<td width=\"40%\"><a href=\"http:\/\/evalua.catedu.es\/documentos\/aragon\/realizacion_15_16\/itemsEvaluIndi3\/CCL3\/concurso_cocina.pdf\" target=\"_blank\">Concurso de cocina<\/a><span id=\"pa\"> [pa]<\/span><\/td>\n<td width=\"10%\" height=\"50px\" align=\"center\"><\/td>\n<td width=\"40%\"><\/td>\n<\/tr>\n<tr>\n<td width=\"10%\"  height=\"50px\" align=\"center\"> <img decoding=\"async\" id=\"iconoEnTabla\" src=\"http:\/\/evalua.catedu.es\/imagenes\/iconos\/pdf_24.png\" alt=\"\" \/><\/td>\n<td width=\"40%\"><a href=\"http:\/\/evalua.catedu.es\/documentos\/aragon\/realizacion_15_16\/itemsEvaluIndi3\/CCL3\/kika_superbruja_detective.pdf\" target=\"_blank\">Kika Superbruja Detective<\/a><span id=\"pa\"> [pa]<\/span><\/td>\n<td width=\"10%\" height=\"50px\" align=\"center\"><\/td>\n<td width=\"40%\"><\/td>\n<\/tr>\n<tr>\n<td width=\"10%\"  height=\"50px\" align=\"center\"> <img decoding=\"async\" id=\"iconoEnTabla\" src=\"http:\/\/evalua.catedu.es\/imagenes\/iconos\/pdf_24.png\" alt=\"\" \/><\/td>\n<td width=\"40%\"><a href=\"http:\/\/evalua.catedu.es\/documentos\/aragon\/realizacion_15_16\/itemsEvaluIndi3\/CCL3\/la_magia_de_anizeto.pdf\" target=\"_blank\">La magia de Anizeto<\/a><span id=\"pa\"> [pa]<\/span><\/td>\n<td width=\"10%\" height=\"50px\" align=\"center\"> <img decoding=\"async\" id=\"iconoEnTabla\" src=\"http:\/\/evalua.catedu.es\/imagenes\/iconos\/BotonRepAudio.png\"\/><\/td>\n<td width=\"40%\"><a href=\"http:\/\/evalua.catedu.es\/documentos\/aragon\/realizacion_15_16\/itemsEvaluIndi3\/CCL3\/la_magia_de_anizeto_audio.mp3\" target=\"_blank\">Archivo mp3 de audio<\/a><span id=\"pa\"> [pa]<\/span><\/td>\n<\/tr>\n<tr>\n<td width=\"10%\"  height=\"50px\" align=\"center\"> <img decoding=\"async\" id=\"iconoEnTabla\" src=\"http:\/\/evalua.catedu.es\/imagenes\/iconos\/pdf_24.png\" alt=\"\" \/><\/td>\n<td width=\"40%\"><a href=\"http:\/\/evalua.catedu.es\/documentos\/aragon\/realizacion_15_16\/itemsEvaluIndi3\/CCL3\/paco_y_ana_van_al_circo.pdf\" target=\"_blank\">Paco y Ana van al circo<\/a><span id=\"pa\"> [pa]<\/span><\/td>\n<td width=\"10%\" height=\"50px\" align=\"center\"><\/td>\n<td width=\"40%\"><\/td>\n<\/tr>\n<tr>\n<td width=\"10%\"  height=\"50px\" align=\"center\"> <img decoding=\"async\" id=\"iconoEnTabla\" src=\"http:\/\/evalua.catedu.es\/imagenes\/iconos\/pdf_24.png\" alt=\"\" \/><\/td>\n<td width=\"50%\"><a href=\"http:\/\/evalua.catedu.es\/documentos\/aragon\/realizacion_15_16\/itemsEvaluIndi3\/CCL3\/TareaCosasQueDiceMiMadre3EP.pdf\" target=\"_blank\">Tarea: Cosas que dice mi madre<\/a><span id=\"pa\"> [pa]<\/span><\/td>\n<td width=\"10%\" height=\"50px\" align=\"center\"><\/td>\n<td width=\"30%\"><\/td>\n<\/tr>\n<tr>\n<td width=\"10%\"  height=\"50px\" align=\"center\"> <img decoding=\"async\" id=\"iconoEnTabla\" src=\"http:\/\/evalua.catedu.es\/imagenes\/iconos\/winzip_24.png\" alt=\"\" \/><\/td>\n<td width=\"50%\"><a href=\"http:\/\/evalua.catedu.es\/documentos\/aragon\/realizacion_14_15\/docApoyoRealizacion\/PortafolioCastellanoDefinitivo.zip\" target=\"_blank\">Portafolio castellano<\/a><span id=\"pa\"> [pa]<\/span><\/td>\n<td width=\"10%\" height=\"50px\" align=\"center\"><\/td>\n<td width=\"30%\"><\/td>\n<\/tr>\n<\/tbody>\n<\/table>\n<p><!--  ING  --><\/p>\n<table border=\"0\" width=\"100%\" cellspacing=\"1\" cellpadding=\"1\" align=\"left\">\n<tbody>\n<tr>\n<th colspan=\"4\">Competencia en comunicaci\u00f3n ling\u00fc\u00edstica en ingl\u00e9s<\/th>\n<\/tr>\n<tr>\n<td width=\"10%\" height=\"50px\" align=\"center\"> <img decoding=\"async\" id=\"iconoEnTabla\" src=\"http:\/\/evalua.catedu.es\/imagenes\/iconos\/pdf_24.png\"\/><\/td>\n<td width=\"40%\"><a href=\"http:\/\/evalua.catedu.es\/documentos\/aragon\/realizacion_15_16\/itemsEvaluIndi3\/ING3\/colores_y_ropa.pdf\" target=\"_blank\">Colores y ropa<\/a><span id=\"pa\"> [pa]<\/span><\/td>\n<td width=\"10%\" height=\"50px\" align=\"center\"> <img decoding=\"async\" id=\"iconoEnTabla\" src=\"http:\/\/evalua.catedu.es\/imagenes\/iconos\/BotonRepAudio.png\"\/><\/td>\n<td width=\"40%\"><a href=\"http:\/\/evalua.catedu.es\/documentos\/aragon\/realizacion_15_16\/itemsEvaluIndi3\/ING3\/colores_y_ropa_audio.mp3\" target=\"_blank\">Archivo mp3 de audio<\/a><span id=\"pa\"> [pa]<\/span><\/td>\n<\/tr>\n<tr>\n<td width=\"10%\"  height=\"50px\" align=\"center\"> <img decoding=\"async\" id=\"iconoEnTabla\" src=\"http:\/\/evalua.catedu.es\/imagenes\/iconos\/pdf_24.png\" alt=\"\" \/><\/td>\n<td width=\"40%\"><a href=\"http:\/\/evalua.catedu.es\/documentos\/aragon\/realizacion_15_16\/itemsEvaluIndi3\/ING3\/ficha_de_mary.pdf\" target=\"_blank\">Ficha de Mary<span id=\"pa\"> [pa]<\/span><\/td>\n<td width=\"10%\" height=\"50px\" align=\"center\"><\/td>\n<td width=\"40%\"><\/td>\n<\/tr>\n<tr>\n<td width=\"10%\"  height=\"50px\" align=\"center\"> <img decoding=\"async\" id=\"iconoEnTabla\" src=\"http:\/\/evalua.catedu.es\/imagenes\/iconos\/pdf_24.png\" alt=\"\" \/><\/td>\n<td width=\"40%\"><a href=\"http:\/\/evalua.catedu.es\/documentos\/aragon\/realizacion_15_16\/itemsEvaluIndi3\/ING3\/menu.pdf\" target=\"_blank\">Men\u00fa<\/a><span id=\"pa\"> [pa]<\/span><\/td>\n<td width=\"10%\" height=\"50px\" align=\"center\"><\/td>\n<td width=\"40%\"><\/td>\n<\/tr>\n<tr>\n<td width=\"10%\"  height=\"50px\" align=\"center\"> <img decoding=\"async\" id=\"iconoEnTabla\" src=\"http:\/\/evalua.catedu.es\/imagenes\/iconos\/pdf_24.png\" alt=\"\" \/><\/td>\n<td width=\"40%\"><a href=\"http:\/\/evalua.catedu.es\/documentos\/aragon\/realizacion_15_16\/itemsEvaluIndi3\/ING3\/shopping_list.pdf\" target=\"_blank\">Shopping list<\/a><span id=\"pa\"> [pa]<\/span><\/td>\n<td width=\"10%\" height=\"50px\" align=\"center\"> <img decoding=\"async\" id=\"iconoEnTabla\" src=\"http:\/\/evalua.catedu.es\/imagenes\/iconos\/BotonRepAudio.png\"\/><\/td>\n<td width=\"40%\"><a href=\"http:\/\/evalua.catedu.es\/documentos\/aragon\/realizacion_15_16\/itemsEvaluIndi3\/ING3\/shopping_list_audio.mp3\" target=\"_blank\">Archivo mp3 de audio<\/a><span id=\"pa\"> [pa]<\/span><\/td>\n<\/tr>\n<tr>\n<td width=\"10%\"  height=\"50px\" align=\"center\"> <img decoding=\"async\" id=\"iconoEnTabla\" src=\"http:\/\/evalua.catedu.es\/imagenes\/iconos\/pdf_24.png\" alt=\"\" \/><\/td>\n<td width=\"40%\"><a href=\"http:\/\/evalua.catedu.es\/documentos\/aragon\/realizacion_15_16\/itemsEvaluIndi3\/ING3\/timetable_summer_camp.pdf\" target=\"_blank\">Timetable summer camp<\/a><span id=\"pa\"> [pa]<\/span><\/td>\n<td width=\"10%\" height=\"50px\" align=\"center\"><\/td>\n<td width=\"40%\"><\/td>\n<\/tr>\n<tr>\n<td width=\"10%\"  height=\"50px\" align=\"center\"> <img decoding=\"async\" id=\"iconoEnTabla\" src=\"http:\/\/evalua.catedu.es\/imagenes\/iconos\/pdf_24.png\" alt=\"\" \/><\/td>\n<td width=\"40%\"><a href=\"http:\/\/evalua.catedu.es\/documentos\/aragon\/realizacion_15_16\/itemsEvaluIndi3\/ING3\/toms_hobbies.pdf\" target=\"_blank\">Tom&#8217;s hobbies<\/a><span id=\"pa\"> [pa]<\/span><\/td>\n<td width=\"10%\" height=\"50px\" align=\"center\"><\/td>\n<td width=\"40%\"><\/td>\n<\/tr>\n<tr>\n<td width=\"10%\"  height=\"50px\" align=\"center\"> <img decoding=\"async\" id=\"iconoEnTabla\" src=\"http:\/\/evalua.catedu.es\/imagenes\/iconos\/winzip_24.png\" alt=\"\" \/><\/td>\n<td width=\"50%\"><a href=\"http:\/\/evalua.catedu.es\/documentos\/aragon\/realizacion_14_15\/docApoyoRealizacion\/PortafolioInglesDefinitivo.zip\" target=\"_blank\">Portafolio ingl\u00e9s<\/a><span id=\"pa\"> [pa]<\/span><\/td>\n<td width=\"10%\" height=\"50px\" align=\"center\"><\/td>\n<td width=\"30%\"><\/td>\n<\/tr>\n<\/tbody>\n<\/table>\n<p><!--  MAT  --><\/p>\n<table border=\"0\" width=\"100%\" cellspacing=\"1\" cellpadding=\"1\" align=\"left\">\n<tbody>\n<tr>\n<th colspan=\"4\">Competencia matem\u00e1tica<\/th>\n<\/tr>\n<tr>\n<td width=\"10%\"  height=\"50px\" align=\"center\"> <img decoding=\"async\" id=\"iconoEnTabla\" src=\"http:\/\/evalua.catedu.es\/imagenes\/iconos\/pdf_24.png\" alt=\"\" \/><\/td>\n<td width=\"40%\"><a href=\"http:\/\/evalua.catedu.es\/documentos\/aragon\/realizacion_15_16\/itemsEvaluIndi3\/MAT3\/cartelera_de_cine.pdf\" target=\"_blank\">Cartelera de cine<\/a><span id=\"pa\"> [pa]<\/span><\/td>\n<td width=\"10%\" height=\"50px\" align=\"center\"><\/td>\n<td width=\"40%\"><\/td>\n<\/tr>\n<tr>\n<td width=\"10%\"  height=\"50px\" align=\"center\"> <img decoding=\"async\" id=\"iconoEnTabla\" src=\"http:\/\/evalua.catedu.es\/imagenes\/iconos\/pdf_24.png\" alt=\"\" \/><\/td>\n<td width=\"40%\"><a href=\"http:\/\/evalua.catedu.es\/documentos\/aragon\/realizacion_15_16\/itemsEvaluIndi3\/MAT3\/delfines_en_el_zoo_de_madrid.pdf\" target=\"_blank\">Delfines en el Zoo de Madrid<\/a><span id=\"pa\"> [pa]<\/span><\/td>\n<td width=\"10%\" height=\"50px\" align=\"center\"><\/td>\n<td width=\"40%\"><\/td>\n<\/tr>\n<tr>\n<td width=\"10%\"  height=\"50px\" align=\"center\"> <img decoding=\"async\" id=\"iconoEnTabla\" src=\"http:\/\/evalua.catedu.es\/imagenes\/iconos\/pdf_24.png\" alt=\"\" \/><\/td>\n<td width=\"40%\"><a href=\"http:\/\/evalua.catedu.es\/documentos\/aragon\/realizacion_15_16\/itemsEvaluIndi3\/MAT3\/en_el_aeropuerto.pdf\" target=\"_blank\">En el aeropuerto<\/a><span id=\"pa\"> [pa]<\/span><\/td>\n<td width=\"10%\" height=\"50px\" align=\"center\"><\/td>\n<td width=\"40%\"><\/td>\n<\/tr>\n<tr>\n<td width=\"10%\"  height=\"50px\" align=\"center\"> <img decoding=\"async\" id=\"iconoEnTabla\" src=\"http:\/\/evalua.catedu.es\/imagenes\/iconos\/pdf_24.png\" alt=\"\" \/><\/td>\n<td width=\"45%\"><a href=\"http:\/\/evalua.catedu.es\/documentos\/aragon\/realizacion_15_16\/itemsEvaluIndi3\/MAT3\/en_la_taquilla_del_zoo_de_madrid.pdf\" target=\"_blank\">En la taquilla del Zoo de Madrid<\/a><span id=\"pa\"> [pa]<\/span><\/td>\n<td width=\"10%\" height=\"50px\" align=\"center\"><\/td>\n<td width=\"35%\"><\/td>\n<\/tr>\n<tr>\n<td width=\"10%\"  height=\"50px\" align=\"center\"> <img decoding=\"async\" id=\"iconoEnTabla\" src=\"http:\/\/evalua.catedu.es\/imagenes\/iconos\/pdf_24.png\" alt=\"\" \/><\/td>\n<td width=\"40%\"><a href=\"http:\/\/evalua.catedu.es\/documentos\/aragon\/realizacion_15_16\/itemsEvaluIndi3\/MAT3\/hotel_en_madrid.pdf\" target=\"_blank\">Hotel en Madrid<\/a><span id=\"pa\"> [pa]<\/span><\/td>\n<td width=\"10%\" height=\"50px\" align=\"center\"><\/td>\n<td width=\"40%\"><\/td>\n<\/tr>\n<tr>\n<td width=\"10%\"  height=\"50px\" align=\"center\"> <img decoding=\"async\" id=\"iconoEnTabla\" src=\"http:\/\/evalua.catedu.es\/imagenes\/iconos\/pdf_24.png\" alt=\"\" \/><\/td>\n<td width=\"40%\"><a href=\"http:\/\/evalua.catedu.es\/documentos\/aragon\/realizacion_15_16\/itemsEvaluIndi3\/MAT3\/talleres_de_animales_en_el_zoo.pdf\" target=\"_blank\">Talleres de animales en el Zoo<\/a><span id=\"pa\"> [pa]<\/span><\/td>\n<td width=\"10%\" height=\"50px\" align=\"center\"><\/td>\n<td width=\"40%\"><\/td>\n<\/tr>\n<tr>\n<td width=\"10%\"  height=\"50px\" align=\"center\"> <img decoding=\"async\" id=\"iconoEnTabla\" src=\"http:\/\/evalua.catedu.es\/imagenes\/iconos\/pdf_24.png\" alt=\"\" \/><\/td>\n<td width=\"40%\"><a href=\"http:\/\/evalua.catedu.es\/documentos\/aragon\/realizacion_15_16\/itemsEvaluIndi3\/MAT3\/turismo_por_madrid.pdf\" target=\"_blank\">Turismo por Madrid<\/a><span id=\"pa\"> [pa]<\/span><\/td>\n<td width=\"10%\" height=\"50px\" align=\"center\"><\/td>\n<td width=\"40%\"><\/td>\n<\/tr>\n<tr>\n<td width=\"10%\"  height=\"50px\" align=\"center\"> <img decoding=\"async\" id=\"iconoEnTabla\" src=\"http:\/\/evalua.catedu.es\/imagenes\/iconos\/pdf_24.png\" alt=\"\" \/><\/td>\n<td width=\"40%\"><a href=\"http:\/\/evalua.catedu.es\/documentos\/aragon\/realizacion_15_16\/itemsEvaluIndi3\/MAT3\/un_dia_de_cine.pdf\" target=\"_blank\">Un d\u00eda de cine<\/a><span id=\"pa\"> [pa]<\/span><\/td>\n<td width=\"10%\" height=\"50px\" align=\"center\"><\/td>\n<td width=\"40%\"><\/td>\n<\/tr>\n<\/tbody>\n<\/table>\n","protected":false},"excerpt":{"rendered":"<p>En cada documento aparece, en primer lugar, el est\u00edmulo. A continuaci\u00f3n, en el mismo documento, figuran los \u00edtems asociados a dicho est\u00edmulo, acompa\u00f1ados de su correspondiente ficha de correcci\u00f3n.<\/p>\n<p>Adem\u00e1s, para las competencias ling\u00fc\u00edsticas, en caso de ser necesario se incluye un est\u00edmulo de audio en formato mp3.<\/p>\n<\/p>\n<p>Competencia en comunicaci\u00f3n ling\u00fc\u00edstica [<a href=\"https:\/\/evalua.catedu.es\/evaluacion\/?page_id=1545\">Leer m\u00e1s<\/a>]<\/p>\n","protected":false},"author":1,"featured_media":0,"parent":169,"menu_order":0,"comment_status":"closed","ping_status":"closed","template":"","meta":{"footnotes":""},"categories":[9,18],"tags":[],"class_list":["post-1545","page","type-page","status-publish","hentry","category-evaluacion_aragon","category-evaluacion_aragon_2015_2016"],"_links":{"self":[{"href":"https:\/\/evalua.catedu.es\/evaluacion\/index.php?rest_route=\/wp\/v2\/pages\/1545","targetHints":{"allow":["GET"]}}],"collection":[{"href":"https:\/\/evalua.catedu.es\/evaluacion\/index.php?rest_route=\/wp\/v2\/pages"}],"about":[{"href":"https:\/\/evalua.catedu.es\/evaluacion\/index.php?rest_route=\/wp\/v2\/types\/page"}],"author":[{"embeddable":true,"href":"https:\/\/evalua.catedu.es\/evaluacion\/index.php?rest_route=\/wp\/v2\/users\/1"}],"replies":[{"embeddable":true,"href":"https:\/\/evalua.catedu.es\/evaluacion\/index.php?rest_route=%2Fwp%2Fv2%2Fcomments&post=1545"}],"version-history":[{"count":29,"href":"https:\/\/evalua.catedu.es\/evaluacion\/index.php?rest_route=\/wp\/v2\/pages\/1545\/revisions"}],"predecessor-version":[{"id":1681,"href":"https:\/\/evalua.catedu.es\/evaluacion\/index.php?rest_route=\/wp\/v2\/pages\/1545\/revisions\/1681"}],"up":[{"embeddable":true,"href":"https:\/\/evalua.catedu.es\/evaluacion\/index.php?rest_route=\/wp\/v2\/pages\/169"}],"wp:attachment":[{"href":"https:\/\/evalua.catedu.es\/evaluacion\/index.php?rest_route=%2Fwp%2Fv2%2Fmedia&parent=1545"}],"wp:term":[{"taxonomy":"category","embeddable":true,"href":"https:\/\/evalua.catedu.es\/evaluacion\/index.php?rest_route=%2Fwp%2Fv2%2Fcategories&post=1545"},{"taxonomy":"post_tag","embeddable":true,"href":"https:\/\/evalua.catedu.es\/evaluacion\/index.php?rest_route=%2Fwp%2Fv2%2Ftags&post=1545"}],"curies":[{"name":"wp","href":"https:\/\/api.w.org\/{rel}","templated":true}]}}